et u be o*(-5)/(20/8) - -4. Suppose s = u*s - 1246. List the prime factors of s.
2, 89
Let l = -61 - -63. Suppose 646 = 4*s - l*b, -3*b = -4 - 5. List the prime factors of s.
163
Let k = -72554 + 129039. List the prime factors of k.
5, 11, 13, 79
Suppose -13*k + 5369 = -10*k - 2*q, -4*k = -q - 7157. Suppose 3*f + 439 = k. List the prime factors of f.
2, 3, 5
Suppose 0 = -3*h + x + 32, -4 = -2*h + 3*x + 2*x. Let a be ((-7)/(-28))/(1/h). Suppose -4*r = -3*u - 76, -u - 32 = -r + a*u. What are the prime factors of r?
2
Let n = 86764 - 41789. What are the prime factors of n?
5, 7, 257
Suppose 5*n - 10 = 0, 4*a - 3*a - 5*n = 202. Let l be (-1 - 0)/(-20 + 19) + -120. Let z = a + l. List the prime factors of z.
3, 31
Let i(j) = -j**3 - 23*j**2 - 57*j + 144. List the prime factors of i(-22).
2, 457
Suppose 0 = 5*q - 179 + 809. Let z = -120 - q. Suppose 8*b - z*b = 130. List the prime factors of b.
5, 13
Suppose -1346*s = -1349*s + 5*r + 35457, 0 = -4*s - 4*r + 47340. List the prime factors of s.
3, 3943
Suppose -5*y + 11*y = 1218. Let v = y + -91. What are the prime factors of v?
2, 7
Let t = 385 + -365. Suppose -114 = 19*h - t*h. What are the prime factors of h?
2, 3, 19
Let z(j) = -j**3 + 21*j**2 + j - 11. Let r be z(21). Let s(k) = -5*k + 11 + r*k - 19. List the prime factors of s(3).
7
Let u(x) = -7*x + 18*x + 3*x**2 - 6*x**2 + 2 + 5*x**2. Let y be u(-4). Let m = y + 82. What are the prime factors of m?
2, 3
Suppose 2*i - 4*m - 60 = 0, -3*m = 2*i + 9 - 97. Suppose 23868 = i*q + q. What are the prime factors of q?
2, 3, 17
Suppose 6*o - 8*o - a + 25873 = 0, 0 = -5*o - a + 64681. Suppose -19*b + 5*b + o = 0. List the prime factors of b.
2, 3, 7, 11
Suppose 5*y + i = -4*i - 2320, -i + 456 = -y. Let c = y + 834. What are the prime factors of c?
2, 11, 17
Suppose -3*x = 5*o + 19, -71*x = -70*x - 5*o - 27. Let y be 1/(-6) + 1/6. Suppose y = -6*t + x*t + 260. List the prime factors of t.
5, 13
Suppose 135 = 5*g - 75. Let f = 354 + g. Suppose -12*p + 9*p = -f. List the prime factors of p.
2, 3, 11
Let m = -1142 - -1972. Let y = 1248 - m. List the prime factors of y.
2, 11, 19
Let y(h) = 162*h**3 + 3*h**2 + 25*h - 142. What are the prime factors of y(4)?
2, 3, 7, 13, 19
Let p be 6 + -4 + -5 + 6 - -1. Suppose 0 = 4*m + 4*s + 115 - 359, 70 = m + p*s. What are the prime factors of m?
2, 29
Suppose -4*s = 4*r - 2520, -4*r + s - 3*s + 2528 = 0. Let y = r + -355. Suppose y = 40*z - 37*z. List the prime factors of z.
3, 31
Let i be (7 - 4)*20/6. Suppose -41*l = -46*l + i, -5*q - 3*l + 171 = 0. List the prime factors of q.
3, 11
Let p(o) = 2*o**2 - 5*o - 1720. List the prime factors of p(-61).
3, 7, 41
Let c(h) = -35*h + 45. Let q(w) be the third derivative of 71*w**4/12 - 181*w**3/6 + 44*w**2. Let b(x) = -26*c(x) - 6*q(x). List the prime factors of b(6).
2, 3, 11
Let m be (-11320)/25 + 1/(-5). Let q(a) = 34*a - 77. Let t be q(-7). Let n = t - m. List the prime factors of n.
2, 3, 23
Let a = 60 - 10. Let m(x) = 2*x**3 - 28*x**2 + x - 31. Let v be m(14). Let y = a + v. What are the prime factors of y?
3, 11
List the prime factors of (-320311)/(-21) + (-80)/(-840).
7, 2179
Suppose 6 = 14*f - 11*f. Suppose -2*b - 12 = -f*k, -5*k - 4*b + 46 = -5*b. Suppose 5*s - 130 + k = 0. What are the prime factors of s?
2, 3
What are the prime factors of (-7 - 58/(-8)) + (-1955)/(-4)?
3, 163
Let i = 65893 - 46860. List the prime factors of i.
7, 2719
Let b = 31265 + -11812. What are the prime factors of b?
7, 397
Suppose -48*c + 71048 = 3*x - 53*c, 4*c - 71093 = -3*x. What are the prime factors of x?
3, 53, 149
Suppose -52*i + 42*i + 2270 = 0. Suppose 13*q = 17*q + 20, -i = -a - 5*q. What are the prime factors of a?
2, 3, 7
Suppose 160*q - 144*q = 169568. What are the prime factors of q?
2, 7, 757
Suppose 6 = -7*w + 10*w. Suppose 134 = 4*i - w*i. Let b = 217 - i. What are the prime factors of b?
2, 3, 5
Let t = 34307 - 24614. What are the prime factors of t?
3, 359
Suppose 0 = s - 2*s - 4*l - 1, -20 = -4*s - 4*l. Let t = s - -23. List the prime factors of 4/t*5*(-387)/(-6).
43
Suppose -3*l + 34 = -74. Let s = -34 + l. List the prime factors of (-3 + 5)/(-4) + 53/s.
2, 13
Suppose -5*z - 948 = 482. Let d = 525 + z. List the prime factors of d.
239
Let j(y) = 1. Let x(k) = -13*k + 18. Let v(o) = -3*j(o) + x(o). List the prime factors of v(-25).
2, 5, 17
Let k be 0/2 + (0/(-7))/(-2). Suppose 16*x - 1254 - 6794 = k. What are the prime factors of x?
503
Let o(y) = 16*y - 200. Let a be o(13). Suppose a*b = -7269 + 20741. What are the prime factors of b?
2, 421
Let p = -39 + 45. Let n(b) be the second derivative of b**3/6 - b**2/2 - b. List the prime factors of n(p).
5
Let p(q) = 913*q**2 - 5*q - 6. Let l be p(-1). Suppose -o - 470 = -2*z, 3*z = -z - 5*o + l. List the prime factors of z.
233
Let n = 1940 - 1916. What are the prime factors of n?
2, 3
Let d be (-4)/(22 - 2) - (-271)/5. Let c = d - 160. Let m = c - -148. List the prime factors of m.
2, 3, 7
Let m = 8 + -10. Let k be (-4 - m)/((-1)/4). Let j(o) = -o**3 + 8*o**2 + 9*o + 10. List the prime factors of j(k).
2, 41
Let m = -177 + -224. Let k = m - -454. What are the prime factors of k?
53
Let l(c) be the first derivative of 17/3*c**3 - 1/4*c**4 - 10 + 21*c - 16*c**2. What are the prime factors of l(14)?
7, 23
Suppose -207385 = -30*d + 95226 + 214319. What are the prime factors of d?
17231
Let g = 5512 + 5488. What are the prime factors of g?
2, 5, 11
Let a = -2455 + 39182. What are the prime factors of a?
19, 1933
Let u = 54 + -42. Let a be (1/3)/(3 - 35/u). Suppose -j = a*y - 304 - 136, -j = -y + 105. What are the prime factors of y?
109
Let x(l) = l**3 - 11*l**2 + 10*l + 2. Let y be x(10). Suppose y*d - 943 = 19. What are the prime factors of d?
13, 37
What are the prime factors of 48/(-156) - 292863/(-39)?
3, 2503
Let t = 463 - 952. Let x = t - -1305. List the prime factors of x.
2, 3, 17
List the prime factors of -4*(35/(-5) - -8) - -2593.
3, 863
Let r(i) = -i**2 + 7*i + 21. Let z be r(7). Suppose 3*k - z = -4*k. Suppose 2*f - 4*x - 336 = 0, -2*x = -k*f + 689 - 197. What are the prime factors of f?
2, 3
Let o be (15/3)/(1/(-5)*-5). Suppose 5*y = -10, -2*r - 2*r = o*y + 6. What are the prime factors of (74 - -2)*(r + (-20)/(-16))?
3, 19
List the prime factors of (-3 + 12)*8789/99.
17, 47
Let u = -5 + -120. Let p = -21 - u. List the prime factors of p.
2, 13
Let h = 1892 - 1268. Suppose h = -19*g + 23*g. Suppose 0*z = 2*z + 2*v - g, z - 4*v - 73 = 0. What are the prime factors of z?
7, 11
Suppose 3*h = -3*c + 8*c - 35, 5*c + h - 15 = 0. Suppose 0 = 3*q + q - 8. Suppose 2*x + 212 = 3*x + q*l, -4*l - 836 = -c*x. What are the prime factors of x?
2, 3, 5, 7
Suppose 4*y + 466 = 2194. Let v = 833 - y. What are the prime factors of v?
401
Suppose g + 10760 = -4*l, 21*l - 17*l - 5*g + 10784 = 0. List the prime factors of l/(-2)*76/114.
3, 13, 23
Let t(k) = 222*k**2 + 517*k - 66. What are the prime factors of t(-12)?
2, 3, 4283
Suppose -4*d - t = -0*t - 742, -4*d - 4*t + 748 = 0. Suppose 0 = 2*y + d - 923. What are the prime factors of y?
3, 41
Let u = -44 + 46. Suppose -3*z - 2*x = -1498, -z + u*x + 2502 = 4*z. List the prime factors of ((-12)/(-4))/(15/z).
2, 5
Suppose c + 2*o = 334, 2*o - 6*o + 1004 = 3*c. Suppose -3*x = h - c, 5*h + 3*x - 1026 = 2*h. What are the prime factors of h?
3, 5, 23
Let a(o) be the second derivative of o**5/20 - 7*o**4/6 - o**3/3 + 43*o**2/2 + 33*o. What are the prime factors of a(14)?
3, 5
Let f(q) = 2*q**2 - 4. Suppose 5*d + 6 = -4*x, x + 11 = -5*d + 2. Let k be f(d). Suppose -k*l + 69 = -39. List the prime factors of l.
3
Suppose -288 - 588 = 3*c. Let r = c + 424. Let k = r - 6. List the prime factors of k.
2, 3, 7
Let x(t) = t - 1. Let h = -19 - -17. Let z(r) = r**3 + 13*r**2 - 13*r - 8. Let n(a) = h*x(a) + z(a). What are the prime factors of n(-13)?
3, 7
Let z = -2474 + 4486. Suppose -4*q - 6*y + 9*y = -4019, 2*q - z = 2*y. List the prime factors of q.
7, 11, 13
Let q(d) = 110 + 21*d - 5*d + 12*d + 11*d - 315. What are the prime factors of q(12)?
263
Let a(g) = 29 + 7*g + 0*g + 27*g. What are the prime factors of a(9)?
5, 67
Let s(p) = -3*p + 15. Suppose 0 = -6*k - 1 + 31. Let o be s(k). Suppose 0 = -o*a + a + 2*i - 84, 3*i = a - 84. What are the prime factors of a?
2, 3, 7
Suppose 0 = -2*i + 6*i - 